{"id":45736,"date":"2020-06-14T13:16:28","date_gmt":"2020-06-14T11:16:28","guid":{"rendered":"https:\/\/hummel-mietmoebel.de\/produkt\/space-divider-separe-white-green-k91180\/"},"modified":"2026-01-31T01:32:31","modified_gmt":"2026-01-31T00:32:31","slug":"space-divider-separe-white-green-k91180","status":"publish","type":"product","link":"https:\/\/hummel-mietmoebel.de\/en\/product\/space-divider-separe-white-green-k91180\/","title":{"rendered":"S\u00c9PAR\u00c9"},"content":{"rendered":"<p>Please see data sheet for additional information and pictures.<br \/>Sale on request.<\/p>\n","protected":false},"excerpt":{"rendered":"<p>Space divider<\/p>\n","protected":false},"featured_media":44300,"template":"","meta":{"slim_seo":{"title":"S\u00c9PAR\u00c9 - Hummel Mietm\u00f6bel","description":"Space divider"}},"product_brand":[],"product_cat":[2229,2275],"product_tag":[2434],"class_list":{"0":"post-45736","1":"product","2":"type-product","3":"status-publish","4":"has-post-thumbnail","6":"product_cat-equipment","7":"product_cat-further-equipment","8":"product_tag-white-green","9":"description-off","11":"first","12":"instock","13":"taxable","14":"shipping-taxable","15":"purchasable","16":"product-type-simple"},"_links":{"self":[{"href":"https:\/\/hummel-mietmoebel.de\/en\/wp-json\/wp\/v2\/product\/45736","targetHints":{"allow":["GET"]}}],"collection":[{"href":"https:\/\/hummel-mietmoebel.de\/en\/wp-json\/wp\/v2\/product"}],"about":[{"href":"https:\/\/hummel-mietmoebel.de\/en\/wp-json\/wp\/v2\/types\/product"}],"wp:featuredmedia":[{"embeddable":true,"href":"https:\/\/hummel-mietmoebel.de\/en\/wp-json\/wp\/v2\/media\/44300"}],"wp:attachment":[{"href":"https:\/\/hummel-mietmoebel.de\/en\/wp-json\/wp\/v2\/media?parent=45736"}],"wp:term":[{"taxonomy":"product_brand","embeddable":true,"href":"https:\/\/hummel-mietmoebel.de\/en\/wp-json\/wp\/v2\/product_brand?post=45736"},{"taxonomy":"product_cat","embeddable":true,"href":"https:\/\/hummel-mietmoebel.de\/en\/wp-json\/wp\/v2\/product_cat?post=45736"},{"taxonomy":"product_tag","embeddable":true,"href":"https:\/\/hummel-mietmoebel.de\/en\/wp-json\/wp\/v2\/product_tag?post=45736"}],"curies":[{"name":"wp","href":"https:\/\/api.w.org\/{rel}","templated":true}]}}

SÉPARÉ

SÉPARÉ - Hummel Mietmöbel
