{"id":56077,"date":"2026-03-27T14:25:23","date_gmt":"2026-03-27T13:25:23","guid":{"rendered":"https:\/\/hummel-mietmoebel.de\/produkt\/panel-tuerfuellung-weiss-3mm-838x2384mm-din-rechts-stoffgrafik-white-67048382384tr\/"},"modified":"2026-03-30T12:00:18","modified_gmt":"2026-03-30T10:00:18","slug":"panel-tuerfuellung-weiss-3mm-838x2384mm-din-rechts-stoffgrafik-white-67048382384tr","status":"publish","type":"product","link":"https:\/\/hummel-mietmoebel.de\/en\/product\/panel-tuerfuellung-weiss-3mm-838x2384mm-din-rechts-stoffgrafik-white-67048382384tr\/","title":{"rendered":"T\u00fcrf\u00fcllung weiss 3MM, 838X2384MM, DIN rechts, Stoffgrafik"},"content":{"rendered":"<p>one side with velcro<\/p>\n","protected":false},"excerpt":{"rendered":"<p>panel<\/p>\n","protected":false},"featured_media":0,"template":"","meta":{"slim_seo":{"title":"T\u00fcrf\u00fcllung weiss 3MM, 838X2384MM, DIN rechts, Stoffgrafik - Hummel Mietm\u00f6bel","description":"panel"}},"product_brand":[],"product_cat":[2219],"product_tag":[2300],"class_list":{"0":"post-56077","1":"product","2":"type-product","3":"status-publish","5":"product_cat-uncategorized","6":"product_tag-weiss-en","7":"description-off","9":"first","10":"instock","11":"taxable","12":"shipping-taxable","13":"purchasable","14":"product-type-simple"},"_links":{"self":[{"href":"https:\/\/hummel-mietmoebel.de\/en\/wp-json\/wp\/v2\/product\/56077","targetHints":{"allow":["GET"]}}],"collection":[{"href":"https:\/\/hummel-mietmoebel.de\/en\/wp-json\/wp\/v2\/product"}],"about":[{"href":"https:\/\/hummel-mietmoebel.de\/en\/wp-json\/wp\/v2\/types\/product"}],"wp:attachment":[{"href":"https:\/\/hummel-mietmoebel.de\/en\/wp-json\/wp\/v2\/media?parent=56077"}],"wp:term":[{"taxonomy":"product_brand","embeddable":true,"href":"https:\/\/hummel-mietmoebel.de\/en\/wp-json\/wp\/v2\/product_brand?post=56077"},{"taxonomy":"product_cat","embeddable":true,"href":"https:\/\/hummel-mietmoebel.de\/en\/wp-json\/wp\/v2\/product_cat?post=56077"},{"taxonomy":"product_tag","embeddable":true,"href":"https:\/\/hummel-mietmoebel.de\/en\/wp-json\/wp\/v2\/product_tag?post=56077"}],"curies":[{"name":"wp","href":"https:\/\/api.w.org\/{rel}","templated":true}]}}

Türfüllung weiss 3MM, 838X2384MM, DIN rechts, Stoffgrafik

Türfüllung weiss 3MM, 838X2384MM, DIN rechts, Stoffgrafik - Hummel Mietmöbel
